- 3338*a + 804. Determine m(-7).
-36
Let c(k) = -k**2 + 134*k - 2810. Determine c(37).
779
Let a(i) = 15*i**2 - 1726*i - 14532. What is a(123)?
105
Let h(r) = -r**2 + 927*r - 103703. Give h(130).
-93
Let q(i) = -60*i**3 - 4314*i**2 + 426*i - 430. Give q(-72).
2
Let m(c) = 2*c**3 + 33*c**2 - 184*c - 2473. What is m(-17)?
366
Let q(k) = -2*k**2 - 39*k + 2918. Determine q(34).
-720
Let g(w) = w**3 - 14*w**2 + 27*w + 31. What is g(11)?
-35
Let l(m) = -m**3 + 53*m**2 + 269*m + 61. Determine l(-6).
571
Let g(n) = -12*n**2 - 844*n - 14460. Calculate g(-17).
-3580
Let t(p) = 7*p**2 - 761*p - 15700. Determine t(-20).
2320
Let l(a) = 2*a**3 + 11*a**2 - 5*a - 7. Determine l(-1).
7
Let d(m) = -10*m**2 + 633*m + 1479. Give d(66).
-303
Let u(j) = -9110*j + 163983. Calculate u(18).
3
Let p(u) = 318*u**2 + 12404*u + 24. Determine p(-39).
-54
Let w(h) = h**3 + 2739*h**2 + 16387*h + 5. What is w(-6)?
71
Let z(r) = -r**3 - 32*r**2 - 48*r + 2810. Give z(-26).
2
Let t(h) = 390*h + 12832. What is t(-33)?
-38
Let p(c) = -2*c**2 - 229*c - 6149. What is p(-71)?
28
Let y(j) = 157*j**2 + 738*j - 733. Determine y(1).
162
Let c(q) = -19*q + 1530. Give c(5).
1435
Let x(k) = 1210*k - 18583. Give x(15).
-433
Let l(k) = -17813*k + 113. Calculate l(0).
113
Let u(j) = -13213*j - 26429. Give u(-2).
-3
Let q(k) = -154441*k + 1081085. What is q(7)?
-2
Let a(n) = n**3 - 7*n**2 + 71*n + 69. Give a(-7).
-1114
Let s(p) = 3605*p + 39578. Give s(-11).
-77
Let g(v) = 3*v**3 + 1467*v**2 + 5823*v + 1451. What is g(-485)?
-4
Let x(l) = -l**2 + 13*l + 4114. Give x(-55).
374
Let x(f) = -13*f**3 + 595*f**2 + 124*f + 266. Determine x(46).
-378
Let y(c) = -2897*c**2 - 156437*c + 50. Calculate y(-54).
-4
Let k(z) = 1931*z + 117806. Calculate k(-61).
15
Let p(h) = -4277*h - 106960. What is p(-25)?
-35
Let u(b) = -b**3 + 139*b**2 - 23957*b + 3330034. What is u(139)?
11
Let g(x) = -2*x**2 + 16161*x - 47. Determine g(0).
-47
Let x(o) = -97*o - 7344. What is x(-75)?
-69
Let w(r) = 4*r**2 + 456*r + 8917. Give w(-89).
17
Let q(l) = 3*l**3 - 261*l**2 + 1237*l - 431. Give q(82).
143
Let n(s) = s**3 + 113*s**2 + 1732*s - 360. Determine n(-18).
-756
Let s(i) = -3057*i**3 - 11*i**2 + 3*i + 10. Determine s(-1).
3053
Let d(b) = -13*b**2 - 25*b + 218. What is d(7)?
-594
Let l(h) = -128879*h - 128882. Calculate l(-1).
-3
Let v(s) = -3772*s - 68298. Determine v(-18).
-402
Let p(s) = -s**3 + 244*s**2 - 1344*s + 327894. What is p(244)?
-42
Let l(o) = 3026*o - 52702. Determine l(18).
1766
Let g(d) = -d**2 - 237661*d - 5703283. Calculate g(-24).
5
Let n(x) = 33448*x + 267591. What is n(-8)?
7
Let d(s) = -54*s + 1848. What is d(48)?
-744
Let d(g) = 1514*g + 601126. Give d(-397).
68
Let a(s) = -s**2 - 550*s + 3913. What is a(-557)?
14
Let y(z) = -155*z**2 - 7450*z - 90. Calculate y(-48).
390
Let s(a) = -2*a**2 + 69*a + 104. Give s(39).
-247
Let b(y) = -9624*y - 567977. Give b(-59).
-161
Let t(c) = 2*c**3 - 430*c**2 - 449*c + 3731. What is t(216)?
59
Let a(s) = -17*s**2 + 63288*s + 316870. Calculate a(-5).
5
Let l(t) = 6243*t + 149843. Calculate l(-24).
11
Let o(q) = -8*q**2 - 7627*q - 18046. Give o(-951).
23
Let b(f) = 15*f**3 + 13*f**2 + 26*f - 143. Calculate b(5).
2187
Let j(v) = -v**2 + 46*v + 4406. Determine j(-45).
311
Let i(d) = -d**2 - 14670*d - 1152677. Give i(-79).
12
Let h(x) = 1140*x**3 - 3*x**2 - 2*x - 3. Determine h(-1).
-1144
Let g(v) = 36*v - 4912. What is g(141)?
164
Let u(n) = -1476*n + 2412. Determine u(1).
936
Let m(d) = -94583*d - 31779896. Give m(-336).
-8
Let b(x) = -177*x + 1856. Calculate b(7).
617
Let x(q) = -538*q + 12764. What is x(24)?
-148
Let u(k) = 84*k - 2657. What is u(35)?
283
Let f(h) = -466*h + 43411. Calculate f(93).
73
Let d(w) = 8904*w + 89859. Determine d(-10).
819
Let v(q) = -295*q + 7920. Calculate v(28).
-340
Let c(r) = -r**3 - 80*r**2 - 199*r - 19065. What is c(-80)?
-3145
Let r(u) = -194016*u - 1358108. Determine r(-7).
4
Let j(l) = l**3 - 136*l**2 + 170*l - 2098. Determine j(135).
2627
Let h(t) = 17*t**3 + 78*t**2 + 74*t + 30. Determine h(-9).
-6711
Let x(f) = -4*f**3 - 155*f**2 + 326*f - 338. Determine x(-41).
1425
Let n(d) = -79*d - 7007. Determine n(-88).
-55
Let v(p) = -66801*p - 133606. Calculate v(-2).
-4
Let b(d) = -d**2 - 67*d + 287. Determine b(15).
-943
Let u(x) = -x**3 + 28*x**2 + 1881*x + 8582. What is u(-5)?
2
Let p(q) = 6*q**2 - 718*q - 1317. Give p(122).
391
Let g(r) = -18*r**3 - 35*r**2 - 13*r - 160. What is g(-4)?
484
Let g(p) = 137392*p - 12777441. Give g(93).
15
Let u(c) = -1489*c**3 + 2976*c**2 + 58*c - 114. What is u(2)?
-6
Let n(r) = 2*r**2 + 122*r + 1216. Calculate n(-9).
280
Let b(l) = 10787*l + 290825. Calculate b(-27).
-424
Let d(y) = -15*y**2 - 2409*y + 17605. What is d(7)?
7
Let h(r) = 70*r + 7115. Give h(-100).
115
Let w(n) = -152*n - 3484. Give w(-24).
164
Let q(s) = -s**3 - 26*s**2 + 276*s + 7096. Determine q(-26).
-80
Let k(x) = -31332*x + 176. Calculate k(0).
176
Let r(l) = -l**2 - 482*l + 1973. Determine r(4).
29
Let u(j) = 107*j + 2940. What is u(-26)?
158
Let n(d) = 252*d - 9902. Calculate n(39).
-74
Let b(g) = g**3 + 26*g**2 + 466*g + 9096. Determine b(-23).
-35
Let j(i) = 21*i**3 + 6*i**2 - 33*i + 152. Determine j(4).
1460
Let w(o) = o**3 + 115*o**2 + 403*o - 166. Calculate w(-4).
-2
Let j(h) = 42*h**3 - 8*h**2 + 152*h - 154. Calculate j(1).
32
Let w(m) = 3*m**2 + 325*m - 1137. Determine w(-113).
445
Let a(h) = -h**2 - 30*h + 218. Determine a(4).
82
Let b(m) = -17*m**2 - 837*m + 679. What is b(-50)?
29
Let j(y) = 1990*y**2 + 13941*y + 89. Calculate j(-7).
12
Let d(c) = 27*c**3 - 331*c**2 - 1105*c - 64. What is d(15)?
11
Let s(u) = -2*u**2 + 4248*u + 533829. Give s(-119).
-5
Let d(g) = 94387*g - 1321457. Determine d(14).
-39
Let u(i) = 356425*i + 9979908. Determine u(-28).
8
Let v(k) = -2*k**3 + 4*k**2 + 38*k + 80. What is v(6)?
20
Let n(o) = -2*o**2 - 1329*o - 208850. Determine n(-255).
-5
Let y(d) = 45*d**2 - 1286*d + 797. What is y(28)?
69
Let a(o) = -o**3 + 230*o**2 - 1350*o + 1829. Calculate a(224).
485
Let j(u) = -30970*u + 30990. What is j(1)?
20
Let b(v) = -53*v**2 + 405*v + 1232. Determine b(10).
-18
Let o(a) = 634*a + 8504. What is o(-14)?
-372
Let w(t) = -t**2 - 204*t - 8537. Calculate w(-122).
1467
Let p(v) = -v**2 + 524*v + 13116. Calculate p(-24).
-36
Let i(m) = m**2 - 2048*m - 386581. Give i(-174).
47
Let j(l) = -l**3 + 173*l**2 + 537*l - 1476. Determine j(176).
108
Let l(g) = -3*g**2 + 2505*g - 205149. What is l(743)?
-81
Let r(m) = 12*m**3 - 4*m**2 - 14*m + 122. Determine r(5).
1452
Let v(s) = s**2 + 1395*s - 102543. What is v(70)?
7
Let y(a) = 6*a**3 + 504*a**2 + 12*a + 1099. Calculate y(-84).
91
Let i(c) = -14*c**2 + 4109*c - 8166. Calculate i(2).
-4
Let s(x) = x**3 + 142*x**2 - 87*x + 5537. Give s(-143).
-2471
Let c(h) = h**3 + 14*h**2 - 23567*h - 422917. What is c(-18)?
-7
Let f(n) = n**3 - 84*n**2 + 6*n - 7762. What is f(85)?
-27
Let y(l) = -159*l - 4679. What is y(-24)?
-863
Let j(y) = -233*y**2 - 201*y - 649. Determine j(-4).
-3573
Let q(u) = -2*u**3 + 332*u**2 + 999*u - 629. Determine q(169).
-3164
Let r(d) = -21*d**2 + 646*d + 1293. What is r(-2)?
-83
Let d(q) = -6*q**2 - 325*q - 4601. What is d(-36)?
-677
Let z(u) = -u**3 + 714*u**2 - 766*u + 37739. Calculate z(713).
-50
Let p(n) = -507*n - 23187. Give p(-46).
135
Let d(y) = -y**3 + 14*y**2 + 71*y - 567. Give d(14).
427
Let u(f) = f**3 + 851*f**2 + 168553*f - 34905. What is u(-537)?
0
Let v(c) = 487*c**3 + 82302*c**2 - 164*c + 819. What is v(-169)?
-26
Let o(i) = -7*i**2 + 2341*i + 779286. Calculate o(-206).
-12
Let w(p) = -15*p**2 - 127*p - 108. Calculate w(-2).
86
Let p(n) = n**3 + 277*n**2 - 13403*n + 246. What is p(42)?
36
Let r(y) = 20461*y + 163686. What is r(-8)?
-2
Let t(m) = m**3 + 35*m**2 - 74*m - 6733. Calculate t(-30).
-13
Let r(j) = 97*j - 21589. What is r(188)?
-3353
Let x(s) = 54829*s - 712774. Give x(13).
3
Let u(t) = t**3 + 463*t**2 - 1885*t - 7938. Give u(-467).
1
Let o(v) = -51651*v + 309890. Determine o(6).
-16
Let i(t) = -17228*t - 120577. Calculate i(-7).
19
Let x(a) = 2*a**3 + 214*a**2 + 5147*a - 10675. What is x(-68)?
1
Let l(s) = -146494*s - 2783393. Determine l(-19).
-7
Let j(m) = 13*m**3 - 140*m**2 + 27*m - 96. What is j(11)?
564
Let h(d) = 8*d**3 + 46*d**2 + 24*d + 7. What is h(-4)?
135
Let y(i) = 15*i - 12. Determine y(-7).
-11